- 112 - -61)?
66
Calculate -31 + -232 + 104 + 116.
-43
Calculate 103 + -82 + 127 + -58.
90
Evaluate -5 + (-6 + -2 + 7 - (-31 - 5)).
30
1 + -71 - (-6 + -7 + (-5 - -12))
-64
What is -136 - -133 - (5 + -58)?
50
(87 - 150 - -58) + 1 + -25
-29
What is the value of 58 + -103 + -24 - (-2 + -36)?
-31
What is the value of 2 + -14 - (42 - 31 - (35 + 0))?
12
40864 + -40965 + (23 - (0 + 0))
-78
What is the value of (-1 - 32) + (176 - 119)?
24
What is -17 + 78 + (1074 - 1153)?
-18
What is the value of 12 + -2 - -2 - ((-140 - -70) + 106) - 2?
-26
What is -95 + 296 + -86 + -66?
49
Calculate 31 + 116 + -122 + -167.
-142
Calculate -25 - (1 + 0) - (95411 - 95374).
-63
-26 + (-18 - (12 - (24 - 10)))
-42
Evaluate 60 + -51 - (106 - 101).
4
What is -43 - (-110 + 54 + -14)?
27
Evaluate (-2 + (0 - -5) + 8 - (36 + 65)) + 8.
-82
Calculate 52 - 36 - ((5 + -9 - (-9 + 0)) + -112).
123
What is the value of (401 - 317) + (-160 - -10)?
-66
-4 + 5 + 7 - (-61 + 32 - -48)
-11
What is -18 - (-182 + 190 - (1 - -74))?
49
-8 + (-3 - 33) + -26 + (44 - 21)
-47
Calculate 2 + -1 + -25 - (26 + 133 + -172).
-11
(3 + -92 - -38) + 43
-8
What is 52 - (31 - -4 - -18)?
-1
What is the value of 79 - (-179 + 106) - 99?
53
Evaluate 93 + 1 - (8363 - 8317).
48
What is the value of 112 - (6 - (3 - (50 + -22)))?
81
What is 17 + -1 - (-15087 + 15226)?
-123
What is 5 + -4 - (8 - (-16 - -20) - 10)?
7
Evaluate 84 + (107 + -55 - (-14 - -25)).
125
Evaluate 33 - (43 + -17) - 29 - 21.
-43
Calculate 37 - (24 + (32 - 28) - 5).
14
5 - (47 - (9 - 15) - 9) - 7
-46
What is (-17 - (2 - 4 - 1)) + 26?
12
Evaluate 19 - (-6 + 40 + 73 + (1 - 4)).
-85
What is (-16 - (-10 - -4)) + -46 - (1 + 1)?
-58
Calculate -9 + 1 + -22 + -24 + 111.
57
What is the value of -5 + (14 - -1 - (-536 + 534))?
12
What is -73 + -1 + -196 + 174 + 33?
-63
Calculate -12 - -19 - (-13 + 3 - (6 + 4 + -6)).
21
What is 10 + 1 + -32 + (1 - -29) + -7 + -69?
-67
(-1 + 1 - (71 - 76)) + (0 - (2 - 4))
7
What is the value of (60 - (-36 - -35)) + -88?
-27
Evaluate (1044 - 1042) + (1 - 36) - -5.
-28
What is the value of (-10 + 3 - (0 + -2)) + 5 + 66?
66
71 - -35 - 63 - (0 + -2)
45
-597 + 615 + -4 + -23
-9
Evaluate -3 + -11 + (3 + -22 - -4).
-29
(-15 - (-12 + 26 + -24)) + 1 + 36
32
Evaluate -93 + 0 - (22 - (13 + -23 + (22 - -16))).
-87
Evaluate 15 - 31 - (-14 + -1 + 5).
-6
Evaluate 37 - (52 + -70 + 48).
7
What is 71 - (6 - (13 + (-3 - (9 + -12))))?
78
46 - (-75 - -81 - -10)
30
(9 - (38 + (43 - 32))) + 29
-11
2 + -43 + -6 + 75
28
-23 + 89 + -224 + 100
-58
Evaluate -6 + (6 - -50 - ((-24 - -45) + 3)).
26
What is -27 + 25 + 3 + -36?
-35
What is the value of 7 + (-2 - (7 - -1)) + (-27 - (-124 + -51))?
145
-40 + (-20 - (74 + -153))
19
What is 10 + -20 + (28 - 9)?
9
Calculate 22 + -3 - (-19 + 29 + -3 - 85).
97
What is the value of 103 - -2 - (24 - (32 - (16 - 16) - 12))?
101
Evaluate 30 - 18 - (0 - 66) - (-11 + -10).
99
Evaluate -3 - (-19 + -1 + -15 + -6 + 27 + -1).
12
What is (-126 - (-79 + 9)) + 42?
-14
Calculate 23 + (40 - (10 + -25 + -8)).
86
Evaluate (61 - (27 - 21)) + -54.
1
What is -261 + (111 - -5) - -246?
101
What is -41 - (12 + -26 + 33 + -152)?
92
What is -15 - (-14 + -17 + (-3 - -15))?
4
What is (1 - 8) + (-151 - -53 - (20 + 4))?
-129
Calculate -13 - (-1 - 6) - 6 - -4.
-8
What is the value of -18 + (2 - (-9 + 1 + 0)) + 4?
-4
What is 81 - (-28 + 52) - 56?
1
Evaluate 56 - ((25 - (34 - 14)) + 0 + 2 + -1).
50
What is the value of (-1663 - -1662) + -1 + -34?
-36
-55 - (11 + -87 + 35 - -5)
-19
What is 294 + -290 - (3 + (-1 - 7))?
9
What is -5 + -2 + 6 + 1 + 27 + 32?
59
What is the value of 8 + -25 + 34 - (168 - 4)?
-147
What is -36 - -14 - (-13 + -5) - (30 - 2)?
-32
What is (-50 - (-27 - 2) - -24) + 34 + -3 + 2?
36
Calculate 37 + -26 - (-11 - (1 + -21)).
2
Calculate (42 - 15) + -117 + 144.
54
96 - 1 - (11226 - 11184)
53
What is the value of -178 + 429 + -250 + (0 - (-1 + 118))?
-116
-155 + 66 + (8 - 17 - -7 - 11)
-102
What is -11 + (-10 - 1 - -1) - -2 - (-10 - -6)?
-15
What is the value of 25 - (-25 + -12 + 6)?
56
Calculate 40 + 65 + (-55 - 2).
48
Evaluate -13 + (4 + -36 - -22 - (-16 - -1)).
-8
What is the value of -46 - (5 + 1 - (-162 - -143 - (0 - 17)))?
-54
Evaluate 22 + (89 - -2) + -132 + 69 + 49.
99
-6 - (83 + 9 + 5 + (10 - 14) + -12)
-87
What is -5 + -3 + 23 - (-2 + 14 + -5 + -6)?
14
Calculate (64 - (-21 + 20)) + -122.
-57
Calculate -69 - (-45 + 44 - 37).
-31
Calculate (-4 - 1) + 16 + -19 + (8 - -31) + 2.
33
What is the value of 13 + (-42 - -9) + 14 + -83?
-89
Calculate -16 + (10 - -4) + -6 - (-107 - (4 + -2)).
101
What is the value of (-21 - (10 + -4 + -21)) + -21?
-27
Calculate 94 + -88 + -13 - (-14 + -2 - -2).
7
What is -4 - 7 - (0 + -27 + -29)?
45
What is the value of (-9 - 54) + 48 + 54?
39
-19 + (78 - (-6 + (4 - 1 - 18)))
80
Calculate (7 - -2) + (-44 - (-118 - (-43 - -45))).
85
Calculate (7 - -7) + -13 + (4 - 1) + 3 + -63.
-56
(3 - (2 + 0)) + -53 + (10 - -7) + 26
-9
-76 - (1059 + -1063 + 31 + 1)
-104
Evaluate (2 - (1 - 5 - -57)) + -8 + (9 - -4).
-46
What is the value of -101 + 0 - (16914 + -16892)?
-123
37 - 26 - (68 - (-5 + (0 - -11)))
-51
Evaluate 149 - (79 + -87 + 38 + 2).
117
What is 60 + 50 - 40 - 62?
8
Evaluate -6 + (-9 - ((-7 - -3 - -9) + 17 + -18)).
-19
What is the value of -10 - (1 - 0) - (-8 - (191 + -46 - 57))?
85
What is the value of -9 - (18 - -35 - 75)?
13
Evaluate -1 + -18 + (-502 - -509) + (-4 - 3).
-19
Evaluate 0 - -34 - (-122 - (135 + -208)).
83
Calculate 98 - (230 + -76 - 96).
40
What is 3 + -154 + (29 - 18) - (0 - 21)?
-119
Evaluate (-12 - (-2 - 6)) + -20 - 33.
-57
Calculate 28 - (33 - (3 - -39)).
37
Evaluate -2 + -1 + -15 + (11 - 14 - -40).
19
What is 6 - (-11 - ((2 - -8) + -12 - 6)) - 53?
-44
-51 + (-75 - -125) - -100
99
What is (-1 - 0) + -11 + -35 + -6 + 6 + 37?
-10
What is the value of 265 + -258 - (1 - 22) - 41?
-13
17 + (-12 - (-35 - -15 - -13) - -1)
13
What is the value of (12094 - 12063) + (-49 - 0)?
-18
Evaluate -10 - -30 - (66 + (5 - 36)).
-15
What is (1 - -1 - 0) + -3 + (29 - (24 + 42))?
-38
What is the value of (-1 - -13 - -1) + -3 - (-64 - (-39 - -20))?
55
What is (-83 - (-179 - -77)) + (4 - 49)?
-26
What is the value of -1 + 86 + (-2719 - -2597)?
-37
What is the value of 97 + (-99 - -92) + -91?
-1
(13 - (25 - 33)) + 3
24
Evaluate -40 + 0 - -1 - (-91 - (8 + -101)).
-41
What is the value of 61 + -74 - (4 - ((-12 - -7) + 90)) - 2?
66
What is -5 + 97 - (263 - 226)?
55
What is the value of -1 + (-3 - 33 - -80)?
43
What is the value of -1 + 22 + 39 + 1 + -82?
-21
What is the value of 3890 + -3955 - (-2 + 15)?
-78
Calculate (3 - (5 - -5)) + 10 + 4 + -1 + 33.
39
69 - 42 - 78 - -63
12
What is (104 - (-10 - -2)) + -919 + 924?
117
Evaluate 0 - -37 - (2464 + -2478 + (8 - 1)).
44
What is (-36 - (6 + -38)) + (-1 + 2 - (-15 + 13))?
-1
What is (0 - -19) + -3 - (24 + (110 - 116))?
-2
What is (17 - -4) + (9 - 25) + 27?
32
What is (1 - (-6 + -6)) + (-33 - -8 - 21)?
-33
-11 + 14 + (12 - -3) + -2 - (-8 + -2)
26
0 + (1 - 11) - (54 - 99)
35
-149 - -97 - -64 - ((-5 - 110) + -2)
129
-12 + 60 - -7 - (7 + (0 - 0))
48
What is -468 - -452 - ((32 - 10) + -5)?
-33
What is -20392 - -20376 - (-29 - (0 + 1 + 0))?
14
What is the value of 41 + (-11 - -29) + -37?
22
164 + -42 + (67 - 103)
86
1 + 52 + (1 - 13 - (-27 - (-2 - 10)))
56
What is the value of 6 - (53 + (-50 - 40))?
43
What is -3 - (151 - (-156 - -281))?
-29
1 + -10 - -38 - ((-10 - -15) + 6)
18
What is 3 + 11 - (1003 - 896)?
-93
What is (35 - 13) + 0 + -37 - 19?
-34
Calculate -54 + -65 + 86 + (-1 - 15).
-49
Calculate -21 - (-115 - -95 - 90).
89
What is (-3 - 3) + (-126 + 136 - 7)?
-3
-4 + (13 - (-3 + (27 - 53)))
38
Calculate -90 + (25 - (41 - 63)) + -10.
-53
Calculate 73 + (-30 - 25 - -9).
27
Calculate -295 + 264 - (60 - -1).
-92
What is the value of 174 + -9 - 144 - (90 - -1)?
-70
Calculate 50 + -4 + (19 + -40 - -8).
33
What is (0 - 2) + -3 + (-108 - -100) - -58?
45
Calculate (125 - 67) + -66 - 47.
-55
Calculate 3 - (-94 + 0) - (108 + (-102 - -7)).
84
What is the value of (-357 - -375) + (-7 + 12 - 78 - -3)?
-52
Evaluate 6 + 5 + (1 + -28 - (-22 + 10 + 2)).
-6
Evaluate -163 + 134 + (108 - 119).
-40
(-52 - (0 + -7)) + -10 + 2 + (1 - 0)
-52
What is the value of (2 - -50) + 0 + -38 + 840 + -810?
44
(-42 - -11) + 7 + -35 + -20
-79
Evaluate (89 - 50) + -9 + (7 - 10).
27
What is the value of ((-